emainder when 136 is divided by 63.
10
Calculate the remainder when 1615 is divided by 7.
5
Calculate the remainder when 304 is divided by 226.
78
Calculate the remainder when 1194 is divided by 593.
8
What is the remainder when 1985 is divided by 6?
5
What is the remainder when 2022 is divided by 75?
72
Calculate the remainder when 1508 is divided by 63.
59
Calculate the remainder when 1092 is divided by 135.
12
What is the remainder when 25836 is divided by 29?
26
Calculate the remainder when 2654 is divided by 45.
44
What is the remainder when 205 is divided by 139?
66
What is the remainder when 13981 is divided by 59?
57
Calculate the remainder when 266 is divided by 28.
14
Calculate the remainder when 677 is divided by 103.
59
Calculate the remainder when 677 is divided by 163.
25
Calculate the remainder when 172 is divided by 22.
18
What is the remainder when 139 is divided by 16?
11
Calculate the remainder when 75 is divided by 9.
3
Calculate the remainder when 649 is divided by 295.
59
Calculate the remainder when 545 is divided by 262.
21
Calculate the remainder when 260 is divided by 8.
4
Calculate the remainder when 379 is divided by 119.
22
What is the remainder when 2700 is divided by 73?
72
What is the remainder when 102 is divided by 23?
10
What is the remainder when 1214 is divided by 32?
30
What is the remainder when 207 is divided by 128?
79
What is the remainder when 278 is divided by 70?
68
What is the remainder when 112 is divided by 29?
25
Calculate the remainder when 134 is divided by 16.
6
Calculate the remainder when 2894 is divided by 723.
2
What is the remainder when 23 is divided by 9?
5
What is the remainder when 673 is divided by 237?
199
Calculate the remainder when 1082 is divided by 17.
11
What is the remainder when 599 is divided by 104?
79
What is the remainder when 757 is divided by 81?
28
What is the remainder when 165 is divided by 2?
1
Calculate the remainder when 549 is divided by 50.
49
Calculate the remainder when 57 is divided by 27.
3
Calculate the remainder when 27 is divided by 14.
13
Calculate the remainder when 237 is divided by 10.
7
What is the remainder when 504 is divided by 132?
108
Calculate the remainder when 18067 is divided by 65.
62
Calculate the remainder when 6432 is divided by 11.
8
What is the remainder when 269 is divided by 16?
13
Calculate the remainder when 46 is divided by 20.
6
What is the remainder when 644 is divided by 18?
14
Calculate the remainder when 317 is divided by 6.
5
Calculate the remainder when 951 is divided by 96.
87
What is the remainder when 41 is divided by 25?
16
What is the remainder when 43 is divided by 40?
3
Calculate the remainder when 1078 is divided by 72.
70
Calculate the remainder when 658 is divided by 231.
196
Calculate the remainder when 176 is divided by 56.
8
Calculate the remainder when 214 is divided by 104.
6
Calculate the remainder when 246 is divided by 86.
74
Calculate the remainder when 109 is divided by 8.
5
Calculate the remainder when 158 is divided by 31.
3
What is the remainder when 289 is divided by 163?
126
What is the remainder when 1850 is divided by 53?
48
Calculate the remainder when 82 is divided by 21.
19
Calculate the remainder when 17 is divided by 16.
1
What is the remainder when 53 is divided by 19?
15
Calculate the remainder when 341 is divided by 51.
35
Calculate the remainder when 2638 is divided by 146.
10
Calculate the remainder when 101 is divided by 13.
10
Calculate the remainder when 114 is divided by 1.
0
Calculate the remainder when 960 is divided by 13.
11
What is the remainder when 376 is divided by 29?
28
What is the remainder when 168 is divided by 86?
82
Calculate the remainder when 466 is divided by 42.
4
What is the remainder when 110 is divided by 31?
17
What is the remainder when 414 is divided by 15?
9
What is the remainder when 28 is divided by 11?
6
What is the remainder when 96 is divided by 27?
15
What is the remainder when 702 is divided by 37?
36
What is the remainder when 539 is divided by 173?
20
Calculate the remainder when 8780 is divided by 144.
140
What is the remainder when 149 is divided by 38?
35
What is the remainder when 2092 is divided by 13?
12
What is the remainder when 306 is divided by 73?
14
Calculate the remainder when 14899 is divided by 324.
319
What is the remainder when 4132 is divided by 4?
0
Calculate the remainder when 474 is divided by 238.
236
What is the remainder when 3486 is divided by 291?
285
What is the remainder when 712 is divided by 55?
52
Calculate the remainder when 3125 is divided by 27.
20
Calculate the remainder when 2474 is divided by 177.
173
Calculate the remainder when 1501 is divided by 71.
10
What is the remainder when 242 is divided by 47?
7
What is the remainder when 125 is divided by 36?
17
Calculate the remainder when 299 is divided by 6.
5
What is the remainder when 1295 is divided by 218?
205
What is the remainder when 8158 is divided by 60?
58
What is the remainder when 27 is divided by 17?
10
What is the remainder when 529 is divided by 212?
105
What is the remainder when 187 is divided by 16?
11
What is the remainder when 48 is divided by 19?
10
Calculate the remainder when 117 is divided by 32.
21
What is the remainder when 383 is divided by 152?
79
What is the remainder when 200 is divided by 35?
25
What is the remainder when 1523 is divided by 117?
2
What is the remainder when 648 is divided by 133?
116
Calculate the remainder when 163 is divided by 41.
40
What is the remainder when 4120 is divided by 48?
40
Calculate the remainder when 638 is divided by 167.
137
What is the remainder when 59 is divided by 6?
5
Calculate the remainder when 36215 is divided by 91.
88
Calculate the remainder when 340 is divided by 98.
46
Calculate the remainder when 363 is divided by 14.
13
What is the remainder when 20303 is divided by 27?
26
What is the remainder when 89 is divided by 16?
9
Calculate the remainder when 10752 is divided by 19.
17
What is the remainder when 228 is divided by 67?
27
Calculate the remainder when 76 is divided by 5.
1
Calculate the remainder when 1121 is divided by 34.
33
Calculate the remainder when 16159 is divided by 16.
15
Calculate the remainder when 589 is divided by 53.
6
Calculate the remainder when 20490 is divided by 81.
78
Calculate the remainder when 197 is divided by 68.
61
What is the remainder when 374 is divided by 6?
2
What is the remainder when 99 is divided by 17?
14
Calculate the remainder when 745 is divided by 17.
14
What is the remainder when 4674 is divided by 85?
84
Calculate the remainder when 1162 is divided by 36.
10
What is the remainder when 202 is divided by 53?
43
Calculate the remainder when 4749 is divided by 674.
31
What is the remainder when 189 is divided by 40?
29
What is the remainder when 6862 is divided by 52?
50
What is the remainder when 1477 is divided by 51?
49
Calculate the remainder when 237 is divided by 90.
57
Calculate the remainder when 8806 is divided by 4399.
8
What is the remainder when 231 is divided by 48?
39
Calculate the remainder when 263 is divided by 67.
62
What is the remainder when 3528 is divided by 196?
0
Calculate the remainder when 2398 is divided by 49.
46
What is the remainder when 138 is divided by 17?
2
What is the remainder when 22879 is divided by 13?
12
What is the remainder when 1429 is divided by 185?
134
Calculate the remainder when 45 is divided by 24.
21
What is the remainder when 5381 is divided by 46?
45
Calculate the remainder when 426 is divided by 13.
10
What is the remainder when 21238 is divided by 247?
243
What is the remainder when 1864 is divided by 346?
134
What is the remainder when 448 is divided by 21?
7
What is the remainder when 1274 is divided by 32?
26
Calculate the remainder when 469 is divided by 115.
9
Calculate the remainder when 185 is divided by 178.
7
Calculate the remainder when 4223 is divided by 132.
131
Calculate the remainder when 543 is divided by 78.
75
What is the remainder when 783 is divided by 56?
55
Calculate the remainder when 748 is divided by 60.
28
Calculate the remainder when 526 is divided by 73.
15
Calculate the remainder when 121 is divided by 25.
21
Calculate the remainder when 4196 is divided by 